ainder when 97 is divided by 52?
45
Calculate the remainder when 397 is divided by 46.
29
What is the remainder when 78 is divided by 71?
7
Calculate the remainder when 840 is divided by 22.
4
What is the remainder when 96 is divided by 71?
25
What is the remainder when 1475 is divided by 21?
5
What is the remainder when 656 is divided by 73?
72
What is the remainder when 2905 is divided by 97?
92
Calculate the remainder when 29258 is divided by 154.
152
Calculate the remainder when 178 is divided by 20.
18
What is the remainder when 244 is divided by 56?
20
What is the remainder when 506 is divided by 128?
122
What is the remainder when 1197 is divided by 16?
13
What is the remainder when 264 is divided by 45?
39
Calculate the remainder when 713 is divided by 33.
20
What is the remainder when 1594 is divided by 57?
55
Calculate the remainder when 1309 is divided by 57.
55
What is the remainder when 645 is divided by 12?
9
What is the remainder when 872 is divided by 433?
6
Calculate the remainder when 2393 is divided by 184.
1
Calculate the remainder when 88 is divided by 61.
27
What is the remainder when 4134 is divided by 44?
42
What is the remainder when 407 is divided by 12?
11
Calculate the remainder when 82 is divided by 23.
13
What is the remainder when 168 is divided by 74?
20
What is the remainder when 235 is divided by 20?
15
Calculate the remainder when 68 is divided by 22.
2
What is the remainder when 127 is divided by 26?
23
Calculate the remainder when 19446 is divided by 11.
9
Calculate the remainder when 1042 is divided by 55.
52
What is the remainder when 390 is divided by 23?
22
What is the remainder when 14649 is divided by 18?
15
Calculate the remainder when 635 is divided by 190.
65
What is the remainder when 2025 is divided by 14?
9
What is the remainder when 522 is divided by 54?
36
What is the remainder when 732 is divided by 83?
68
Calculate the remainder when 49 is divided by 20.
9
Calculate the remainder when 448 is divided by 433.
15
Calculate the remainder when 247 is divided by 119.
9
Calculate the remainder when 1303 is divided by 49.
29
What is the remainder when 242 is divided by 70?
32
Calculate the remainder when 283 is divided by 58.
51
What is the remainder when 134 is divided by 13?
4
What is the remainder when 210 is divided by 80?
50
Calculate the remainder when 704 is divided by 75.
29
What is the remainder when 163 is divided by 21?
16
Calculate the remainder when 807 is divided by 81.
78
Calculate the remainder when 117 is divided by 17.
15
Calculate the remainder when 38 is divided by 27.
11
What is the remainder when 70 is divided by 20?
10
What is the remainder when 79 is divided by 20?
19
What is the remainder when 142 is divided by 13?
12
What is the remainder when 569 is divided by 25?
19
What is the remainder when 358 is divided by 15?
13
What is the remainder when 618 is divided by 81?
51
What is the remainder when 276 is divided by 69?
0
What is the remainder when 2699 is divided by 50?
49
Calculate the remainder when 724 is divided by 29.
28
Calculate the remainder when 390 is divided by 66.
60
What is the remainder when 157 is divided by 69?
19
Calculate the remainder when 879 is divided by 18.
15
Calculate the remainder when 1204 is divided by 201.
199
What is the remainder when 2088 is divided by 30?
18
What is the remainder when 138 is divided by 35?
33
Calculate the remainder when 1626 is divided by 68.
62
Calculate the remainder when 9368 is divided by 851.
7
Calculate the remainder when 232 is divided by 42.
22
What is the remainder when 122 is divided by 66?
56
Calculate the remainder when 24245 is divided by 25.
20
What is the remainder when 691 is divided by 137?
6
What is the remainder when 3570 is divided by 45?
15
Calculate the remainder when 12166 is divided by 10.
6
What is the remainder when 2526 is divided by 22?
18
What is the remainder when 1804 is divided by 13?
10
What is the remainder when 110 is divided by 104?
6
What is the remainder when 303 is divided by 17?
14
Calculate the remainder when 660 is divided by 195.
75
What is the remainder when 1490 is divided by 184?
18
What is the remainder when 410 is divided by 18?
14
Calculate the remainder when 92 is divided by 3.
2
Calculate the remainder when 1069 is divided by 45.
34
Calculate the remainder when 120 is divided by 42.
36
Calculate the remainder when 997 is divided by 48.
37
What is the remainder when 946 is divided by 123?
85
What is the remainder when 304 is divided by 51?
49
What is the remainder when 749 is divided by 47?
44
What is the remainder when 144 is divided by 35?
4
What is the remainder when 414 is divided by 19?
15
What is the remainder when 3934 is divided by 491?
6
What is the remainder when 35091 is divided by 62?
61
What is the remainder when 19 is divided by 12?
7
Calculate the remainder when 138 is divided by 103.
35
Calculate the remainder when 1404 is divided by 697.
10
Calculate the remainder when 557 is divided by 112.
109
What is the remainder when 242 is divided by 50?
42
Calculate the remainder when 3470 is divided by 30.
20
What is the remainder when 447 is divided by 62?
13
What is the remainder when 140 is divided by 128?
12
Calculate the remainder when 5124 is divided by 23.
18
Calculate the remainder when 235 is divided by 4.
3
Calculate the remainder when 147 is divided by 18.
3
What is the remainder when 133 is divided by 71?
62
What is the remainder when 364 is divided by 23?
19
Calculate the remainder when 167 is divided by 29.
22
What is the remainder when 956 is divided by 139?
122
Calculate the remainder when 4453 is divided by 99.
97
What is the remainder when 207 is divided by 71?
65
What is the remainder when 185 is divided by 54?
23
What is the remainder when 1090 is divided by 87?
46
What is the remainder when 60 is divided by 24?
12
What is the remainder when 209 is divided by 10?
9
Calculate the remainder when 145 is divided by 37.
34
Calculate the remainder when 889 is divided by 64.
57
Calculate the remainder when 10217 is divided by 269.
264
Calculate the remainder when 86235 is divided by 54.
51
Calculate the remainder when 78 is divided by 9.
6
Calculate the remainder when 90 is divided by 53.
37
Calculate the remainder when 13885 is divided by 262.
261
Calculate the remainder when 568 is divided by 231.
106
Calculate the remainder when 124 is divided by 28.
12
What is the remainder when 140 is divided by 36?
32
Calculate the remainder when 607 is divided by 76.
75
What is the remainder when 566 is divided by 21?
20
What is the remainder when 270 is divided by 87?
9
What is the remainder when 206 is divided by 30?
26
Calculate the remainder when 3482 is divided by 67.
65
Calculate the remainder when 197 is divided by 52.
41
Calculate the remainder when 94 is divided by 48.
46
Calculate the remainder when 42 is divided by 26.
16
Calculate the remainder when 1374 is divided by 86.
84
Calculate the remainder when 126 is divided by 8.
6
What is the remainder when 4797 is divided by 369?
0
What is the remainder when 2046 is divided by 205?
201
What is the remainder when 142 is divided by 90?
52
Calculate the remainder when 204 is divided by 49.
8
Calculate the remainder when 879 is divided by 237.
168
What is the remainder when 399 is divided by 58?
51
What is the remainder when 10280 is divided by 91?
88
Calculate the remainder when 491 is divided by 26.
23
What is the remainder when 127 is divided by 20?
7
Calculate the remainder when 84 is divided by 41.
2
What is the remainder when 366 is divided by 182?
2
Calculate the remainder when 691 is divided by 92.
47
What is the remainder when 13957 is divided by 4648?
13
What is the remainder when 103 is divided by 12?
7
Calculate the remainder when 20 is divided by 1.
0
What is the remainder when 187 is divided by 32?
27
What is the remainder when 13765 is divided by 18?
13
What is the remainder when 1498 is divided by 336?
154
Calculate the remainder when 254 is divided by 14.
2
Calculate the remainder when 1409 is divided by 15.
14
What is the remainder when 340 is divided by 15?
10
Calculate the remainder when 939 is divided by 354.
231
What is the remainder when 559 is divided by 51?
49
What is the remainder